e prime factors of 485747029.
31, 3061, 5119
List the prime factors of 4751942.
2, 13, 17, 827
List the prime factors of 506159092.
2, 113, 1119821
List the prime factors of 421865336.
2, 17, 3101951
List the prime factors of 123220479.
3, 659, 62327
List the prime factors of 930921282.
2, 3, 2473, 6971
List the prime factors of 423136442.
2, 5689, 37189
List the prime factors of 6312713005.
5, 37, 1297, 26309
List the prime factors of 1424365674.
2, 3, 237394279
List the prime factors of 89170979.
89170979
List the prime factors of 1864068573.
3, 67, 9273973
List the prime factors of 7884478.
2, 7, 31, 37, 491
What are the prime factors of 411807721?
13, 53, 597689
List the prime factors of 260665489.
7, 37237927
List the prime factors of 96336341.
96336341
List the prime factors of 182699857.
47, 293, 13267
List the prime factors of 993392383.
15803, 62861
What are the prime factors of 22553187?
3, 7517729
What are the prime factors of 236292707?
7, 17, 109, 18217
List the prime factors of 1519601750.
2, 5, 6078407
List the prime factors of 2576985678.
2, 3, 15907319
List the prime factors of 2976847207.
83, 35865629
List the prime factors of 1479841179.
3, 18587, 26539
List the prime factors of 1603176757.
7, 13, 193597
List the prime factors of 216389019.
3, 7, 11, 85159
List the prime factors of 2276552890.
2, 5, 31, 7343719
List the prime factors of 108659750.
2, 5, 17, 37, 691
What are the prime factors of 4832638072?
2, 604079759
What are the prime factors of 5256215243?
61, 1103, 78121
List the prime factors of 3967352.
2, 19, 43, 607
List the prime factors of 21070085.
5, 733, 5749
What are the prime factors of 908483033?
197, 1447, 3187
List the prime factors of 1703792659.
29, 58751471
What are the prime factors of 768072519?
3, 131, 651461
What are the prime factors of 1218994229?
19, 43, 857, 1741
What are the prime factors of 542205450?
2, 3, 5, 23, 52387
What are the prime factors of 138617770?
2, 5, 419, 33083
What are the prime factors of 225040782?
2, 3, 37506797
What are the prime factors of 3016410635?
5, 7, 211, 239, 1709
What are the prime factors of 2493390784?
2, 233, 271, 617
What are the prime factors of 290659616?
2, 13, 698701
List the prime factors of 1372033170.
2, 3, 5, 367, 41539
What are the prime factors of 109315695?
3, 5, 17, 151, 167
List the prime factors of 54690103.
13, 4206931
What are the prime factors of 115182011?
7, 701, 23473
What are the prime factors of 6482442425?
5, 43, 149, 40471
List the prime factors of 259671513.
3, 37, 457, 5119
What are the prime factors of 507592938?
2, 3, 67, 1262669
List the prime factors of 79359399.
3, 7, 29, 14479
List the prime factors of 455432990.
2, 5, 3461, 13159
List the prime factors of 1315951070.
2, 5, 7, 1873, 10037
List the prime factors of 3799778898.
2, 3, 773, 819271
List the prime factors of 1351077628.
2, 2333, 144779
What are the prime factors of 1234800882?
2, 3, 7, 17, 97, 283
What are the prime factors of 135868110?
2, 3, 5, 7, 646991
List the prime factors of 237607854.
2, 3, 11, 3600119
List the prime factors of 384789676.
2, 151, 4219
What are the prime factors of 212182824?
2, 3, 7, 443, 2851
List the prime factors of 6638879392.
2, 43, 79, 157, 389
What are the prime factors of 673438402?
2, 7, 13, 1427, 2593
List the prime factors of 44921097.
3, 13, 383941
What are the prime factors of 2463333717?
3, 13, 19, 1663, 1999
What are the prime factors of 2854955685?
3, 5, 773, 246223
What are the prime factors of 1104681855?
3, 5, 313, 235289
List the prime factors of 60633516.
2, 3, 227, 22259
List the prime factors of 7845053.
59, 132967
List the prime factors of 1754998123.
1754998123
List the prime factors of 4248319922.
2, 7, 11, 2507863
List the prime factors of 82498747.
6547, 12601
What are the prime factors of 90702511?
127, 157, 4549
List the prime factors of 461010172.
2, 7, 149, 110501
List the prime factors of 302251129.
167, 1809887
What are the prime factors of 31795299?
3, 3532811
List the prime factors of 17460090.
2, 3, 5, 64667
What are the prime factors of 16301884?
2, 61, 71, 941
List the prime factors of 472340361.
3, 19, 8286673
List the prime factors of 232167872.
2, 137, 26479
List the prime factors of 1453973452.
2, 363493363
List the prime factors of 104969366.
2, 52484683
List the prime factors of 440000274.
2, 3, 7, 41, 255517
What are the prime factors of 3537895933?
11, 13, 37, 157, 4259
What are the prime factors of 138660150?
2, 3, 5, 924401
List the prime factors of 27077276.
2, 53, 337, 379
List the prime factors of 377932585.
5, 241, 313637
What are the prime factors of 38404704?
2, 3, 13, 30773
List the prime factors of 111598395.
3, 5, 257, 28949
What are the prime factors of 672329272?
2, 29, 2897971
What are the prime factors of 3887065559?
13, 2939, 101737
What are the prime factors of 1704816901?
1704816901
What are the prime factors of 42706667?
619, 68993
List the prime factors of 867551292.
2, 3, 107, 225221
What are the prime factors of 993540911?
11, 17, 5313053
What are the prime factors of 995443668?
2, 3, 19, 53, 113
List the prime factors of 680574660.
2, 3, 5, 739, 15349
List the prime factors of 42533335.
5, 13, 103, 6353
What are the prime factors of 1709574201?
3, 53, 1194671
What are the prime factors of 1440944055?
3, 5, 17, 701, 2687
List the prime factors of 42908652.
2, 3, 929, 1283
What are the prime factors of 1693082934?
2, 3, 94060163
What are the prime factors of 2120209276?
2, 23, 23045753
What are the prime factors of 1124328142?
2, 7, 241, 333233
What are the prime factors of 2545092339?
3, 109, 211, 36887
List the prime factors of 123221709.
3, 13, 351059
List the prime factors of 356050098.
2, 3, 47, 271, 1553
What are the prime factors of 390337535?
5, 7, 29, 89, 149
List the prime factors of 2847255197.
2847255197
List the prime factors of 1734518283.
3, 1483, 389867
List the prime factors of 173674183.
31, 5602393
List the prime factors of 594700898.
2, 11, 4231, 6389
List the prime factors of 1389796017.
3, 463265339
What are the prime factors of 129194984?
2, 19, 849967
List the prime factors of 3137519853.
3, 13, 101, 29501
What are the prime factors of 357868297?
1367, 261791
List the prime factors of 79176351.
3, 29, 881, 1033
What are the prime factors of 2951829156?
2, 3, 245985763
What are the prime factors of 20853081?
3, 2317009
What are the prime factors of 300517274?
2, 150258637
What are the prime factors of 168346953?
3, 18705217
What are the prime factors of 870846648?
2, 3, 7, 5183611
What are the prime factors of 53667013?
53667013
What are the prime factors of 415715167?
7, 809, 10487
What are the prime factors of 48767714?
2, 839, 29063
What are the prime factors of 330864204?
2, 3, 11, 2506547
List the prime factors of 9915226.
2, 19, 31, 443
What are the prime factors of 928422332?
2, 232105583
List the prime factors of 1017918666.
2, 3, 31, 1824227
What are the prime factors of 131195584?
2, 13, 137, 1151
What are the prime factors of 701891284?
2, 11657, 15053
What are the prime factors of 9446238?
2, 3, 23, 22817
List the prime factors of 57024255.
3, 5, 3801617
What are the prime factors of 3211391210?
2, 5, 19, 1381, 12239
List the prime factors of 13406759.
13406759
What are the prime factors of 81312396?
2, 3, 11, 616003
List the prime factors of 58126232.
2, 7265779
List the prime factors of 590142800.
2, 5, 13, 113489
What are the prime factors of 437275971?
3, 11, 401539
What are the prime factors of 1131469677?
3, 13, 463, 20887
List the prime factors of 4803118079.
59, 151, 443, 1217
List the prime factors of 97596869.
1327, 73547
List the prime factors of 795539034.
2, 3, 44196613
What are the prime factors of 2382299823?
3, 794099941
What are the prime factors of 66436623?
3, 11, 61007
List the prime factors of 915691565.
5, 183138313
List the prime factors of 389837535.
3, 5, 19, 1367851
List the prime factors of 1143811117.
9067, 126151
What are the prime factors of 50698970?
2, 5, 7, 71, 101
What are the prime factors of 1890038197?
211, 467, 19181
List the prime factors of 7281910036.
2, 59, 137, 225223
List the prime factors of 473246347.
7, 43, 1572247
What are the prime factors of 167602523?
11, 31, 491503
List the prime facto